(-16)). Let v = a + -19. Is 138 - (-1 - -4 - v) composite?
False
Suppose -572*s + 54719 = -565*s. Is s a composite number?
False
Let f be (-2)/(-3) - 16/(-48). Is f*177/(-9)*-3 composite?
False
Suppose -1 = -2*u + 1. Let h be 2 - ((0 - u) + 1). Suppose 413 = 4*r + 5*y, -h*y + 4*y = 4*r - 378. Is r a prime number?
True
Let p be (6/15)/((-3)/75). Let s(i) = -i**3 - 7*i**2 - 13*i - 15. Let j be s(p). Suppose 3*u + 5*n - 460 = 0, 0 = 3*u + 2*n - 6*n - j. Is u prime?
False
Suppose 13*q + 2130 = 10*q. Let v = q - -1891. Is v composite?
False
Let d(h) = 6546*h**2 + 24*h - 23. Is d(1) a prime number?
True
Let x(f) = 35*f**3 + 6*f**2 - 13*f + 21. Is x(5) prime?
True
Let v = -46 + 495. Is v composite?
False
Let a = -26201 + 45595. Is a composite?
True
Let r be (-32)/(-14) + 2/(-7). Suppose -3*w = -2*w, -r*a = -3*w - 404. Let s = a - -21. Is s prime?
True
Let l(c) = -490*c**3 + 2*c**2 + c. Let r be l(-1). Suppose -r = -3*g + 2*g. Is g a prime number?
True
Suppose 4*o = -o + 55. Suppose -167 = -o*x + 10*x. Is x a composite number?
False
Let z(s) = 12*s**3 + 7*s**2 - 15*s + 321. Is z(13) a prime number?
True
Let r(n) = 62*n**2 - 15*n + 33. Is r(2) a prime number?
True
Suppose 0 = j + 1. Let i(s) = -70*s**3 - 2*s**2 + 1. Is i(j) a composite number?
True
Suppose -13 = -4*x - 2*h + 3, 2*x - 3*h = 8. Suppose -x*d + 0*d + 12 = 0. Suppose 0 = d*v - 599 - 58. Is v prime?
False
Is -1*-9597*2*5/30 a composite number?
True
Is ((-7)/(-14))/(3 - (-1964488)/(-654832)) prime?
True
Suppose 0 = v - 2*d - 2*d + 2101, d - 2 = 0. Let p = v + 6736. Is p a prime number?
True
Let b(m) = -m**2 + 7*m. Let d be b(8). Is (-6228)/d - -3 - (-2)/(-4) a composite number?
True
Let q(y) = 3 + 1 + 30*y**2 + 5*y - 8. Is q(-3) prime?
True
Suppose 3*q + 2*g - 26 = -9, -2*q = g - 11. Let a(z) = -5*z**2 - 3 - 8*z + 4*z + 3*z**3 + 12*z. Is a(q) a prime number?
False
Suppose 2*z + 4 = -0. Is (3 + -166 + -3 + 0)/z a prime number?
True
Suppose d + 4*d = 4*p + 36, 8 = 4*d + 2*p. Suppose 2*u = d*n + 4 + 46, 4*n = -5*u - 15. Is (-4126)/n + (-14)/(-35) composite?
True
Let u be 16/10 - 6/(-15). Suppose a + a + k = 11, a - u*k + 7 = 0. Suppose -5*w = -2*l - 891, -l + 2*l = -a*w + 539. Is w composite?
False
Suppose u - 2*t = 21 - 7, -2*u = t - 23. Is (-3)/(-12) + 5*1653/u a prime number?
False
Suppose 2*c - 65 = -61. Suppose 371 = c*v - 225. Is v a composite number?
True
Let g be 0 - -19 - (-18)/(-9). Suppose -2*p - k + g = p, -4*p - k + 21 = 0. Is 8/p - (-186 + 3) prime?
False
Let t be 220034/(-26) + (-28)/182. Let o be (-4)/20 - t/15. Suppose 4*p + 48 = u - 99, 4*u - 4*p - o = 0. Is u composite?
False
Suppose -2*b - 259 = 827. Let f = -383 - b. Is f - (-5)/((-20)/8) a prime number?
False
Let n = -11841 - -46648. Is n composite?
False
Suppose 4*g = 2*j - 5086, 2*j + 5*g - 6*g = 5071. Is j a composite number?
True
Let p be 5764/28 - 1/(-7). Suppose -r + p = 43. Suppose 0 = 2*y + 4*l - 166, 0 = 2*y + 2*l + 3*l - r. Is y composite?
False
Let z(f) = -f**3 - 8*f**2 - 9*f + 6. Let g = 5 + -12. Let x be z(g). Is 235/x*-2*-14 composite?
True
Let x = -2812 - -6459. Is x a prime number?
False
Let y = -32 - -18. Suppose 5*q + 4 = -m - 8, q = -5*m - 132. Let d = y - m. Is d a composite number?
False
Suppose 391 = y + 3*f, 0*f = -3*f - 9. Suppose -y = -3*b + 4*s, 0 = -b - 5*s - 10 + 156. Suppose o = -2*u + 45, b = 4*o - 0*u - 3*u. Is o a composite number?
False
Suppose 0 = -12*x + 78011 - 25103. Is x a prime number?
True
Suppose 8*t = 5*t + 54. Suppose -5*j - 30 = -3*r - 2*r, 3*r - 2*j = t. Is (-9)/r + (-233)/(-2) a composite number?
True
Suppose -492 = -3*j + 264. Suppose j - 1207 = 5*i. Let c = -114 - i. Is c a prime number?
False
Let l(a) = -a + 8. Let x be l(8). Suppose -2*h + 68 = -x*h. Suppose -h - 93 = -f. Is f a prime number?
True
Let t = -24 - -29. Let w be t/(-2)*(-6)/5. Suppose w*o = 79 + 170. Is o a composite number?
False
Let x(a) = -9*a. Let y be x(3). Let k(q) = 2*q**2 + 4*q + 1. Let g be k(-6). Let u = g + y. Is u prime?
False
Suppose 0 = 5*v + 2*b - 154157, -13*v - 3*b + 348134 + 52683 = 0. Is v a composite number?
True
Let a(x) = x**3 + 296*x**2 - 2*x**3 - 17*x - 306*x**2 - 9. Suppose 0*l - 2*l + 4*i = 6, 0 = -3*i - 12. Is a(l) a prime number?
False
Let i be (280/15)/((-2)/(-24)). Let f be 8/10 - 1/(-5). Is i - (2 + -1)/f a composite number?
False
Let z be (-228)/84 - 4/14. Let p(q) = -15*q**3 - 3*q**2 + 6*q + 5. Is p(z) composite?
True
Let f(m) = 340*m**2 + 4*m - 5. Let g be 8*((-6)/15)/((-16)/10). Is f(g) composite?
True
Let l = -36 - -38. Let v(r) = 157*r**3 + 4*r**2 - 2*r - 1. Is v(l) a composite number?
True
Let r(u) = -597*u - 5. Let w be r(-3). Suppose w = 5*z + 521. Is z a composite number?
True
Let i(r) be the third derivative of r**5/60 + r**4/3 - 55*r**3/6 + 30*r**2. Is i(26) prime?
True
Suppose 0 = -k + 48 + 33. Let y be ((-1704)/(-36))/((-2)/(-6)). Let u = y + k. Is u composite?
False
Let b(m) = -6*m + 5. Let u be b(-3). Let l = -14 + u. Let h(s) = 55*s - 8. Is h(l) composite?
False
Let t = 17807 + -7770. Is t prime?
True
Let r(t) = t**3 + t**2 + t + 6281. Is r(0) a prime number?
False
Let w(r) = 338*r - 1. Let a be 1/4*(-1140)/(-15). Let u = -18 + a. Is w(u) composite?
False
Let u(q) = -2*q - 18. Let z be u(-10). Let y(w) = 35*w**2 + w - 1. Let m be y(z). Suppose -3*a - a = -20, -m = -2*i - 5*a. Is i prime?
False
Suppose 4*p = 6*p + 6. Is (-13426)/(-21)*p/(-2) a prime number?
False
Let m be 247*2*((-15)/(-6) - -3). Let y = m + -808. Is y a prime number?
False
Let s = 24 - 19. Suppose -3*u + 74 + 2268 = 5*a, -s*u - 2350 = -5*a. Is a composite?
True
Let j = 45 + -44. Is 309 - (-2 - -5 - j) a composite number?
False
Suppose -3*w - 4648 + 25028 = r, -5*w + 25 = 0. Is r a prime number?
False
Let u(t) = -35*t - 38. Let d(r) = -18*r - 20. Let a(p) = -5*d(p) + 3*u(p). Let s = 4 - 11. Is a(s) prime?
False
Let r = -5 - 3. Let b = -5 - r. Suppose -5*j + 631 = t, -2*j - b*t + 8*t = -274. Is j prime?
True
Is (51/(-85))/(3/(-830)) composite?
True
Suppose 4*r = -6*i + 7*i - 2336, 2*r = 3*i - 1168. Let o = r + 963. Is o prime?
True
Let k(w) be the third derivative of -233*w**6/60 + w**5/60 - w**4/24 - w**3/6 + 9*w**2. Is k(-1) a composite number?
False
Is (3 - 1)*(-1)/((-2)/16519) a composite number?
False
Suppose 5*u - 33096 = -115*a + 114*a, -6615 = -u + 4*a. Is u composite?
False
Suppose 5*b + 3*z - 41 = -z, 17 = 2*b + z. Let f = b - 12. Is (-334)/f*18/12 a composite number?
False
Suppose -4*q - 2*w - 2 = 0, 5*w = -0 - 5. Let r = q + 5. Suppose r*a - 61 = -3*p + 19, -3*p = -15. Is a composite?
False
Suppose -37*j - 38916 = -533495. Is j prime?
True
Suppose x - 3*x - 2*u + 772 = 0, 4*u = 2*x - 790. Suppose o - 452 = x. Is o composite?
True
Suppose 4*c + 35233 = 15*c. Is c composite?
False
Let s be ((-1 + 3)/1)/(-2). Is -2 - (-297 + 1 - s) prime?
True
Suppose -12 = -3*p + 3*x, -5*p + 3*x = 2*x - 12. Let v be p*(44/(-8))/(-1). Suppose 785 = v*y - 6*y. Is y a composite number?
False
Let t be 60/8 - (-1)/(-2). Suppose -288 = -t*l + 433. Is l composite?
False
Let l(v) = -6*v**2 + v + 1. Let r be l(-1). Let s be (-862)/((r - -4) + 4). Let k = s - -680. Is k a prime number?
False
Suppose w + 4*s = 269, 2*s - s - 840 = -3*w. Suppose -w = -5*m + 4*k + 1224, -5*m + 1550 = 5*k. Is m a prime number?
False
Let w(j) = 712*j**3 + 4*j**2 - 13*j + 28. Is w(3) composite?
False
Suppose -3*j + 0 + 15 = 0, -5*j = -5*q - 15. Is q/3 + 8795/15 composite?
False
Let r(y) = 22*y**2 - 13*y - 20. Let k be r(-5). Suppose -12059 + k = -4*a. Is a a composite number?
True
Let t(h) = 30*h**2 + 30*h - 25. Is t(11) composite?
True
Let h(x) = x. Let b(i) = -45*i - 7. Let a = 29 - 28. Let f(o) = a*b(o) + 6*h(o). Is f(-4) prime?
True
Let k(p) = -p**3 + 6*p**2 - 3*p - 5. Let x be (-5 - -6) + 1*4. Let b be k(x). Let o(d) = d**3 + d**2 - 7*d. Is o(b) a composite number?
True
Let d(x) = 216*x**3 + 7. Is d(2) a prime number?
False
Let n(i) = -i**2 - 7*i - 4. Let h be n(-6). Let r be -43*(-6)/(-12)*-2. Suppose -z + h*k + r = -k, -4*z - k + 146 = 0. Is z composite?
False
Is 100/(-175) + 201702/7 composite?
True
Let o = -79 - -74. Let c(s) = -3*s**3 - 11*s**2 - 4*s + 3. Let h(a) = a**2. Let t(i) = c(i) + 4*h(i). Is t(o) a prime number?
True
Suppose 20*o - b = 16*o + 6686, o - 1665 = -3*b. Is o a prime number?
False
Let b = -10 + 13. Let v(